culate the remainder when 47 is divided by a(-2).
15
Suppose -5*d - 3*l - 61 = -4*l, -d + 3*l - 15 = 0. Let f = -16 + -5. Let c = d - f. What is the remainder when c is divided by 5?
4
Let j be ((-24)/9)/4*-3. Suppose 3*y + j*c = 47, 2*c = -5*y + 53 + 20. What is the remainder when 37 is divided by y?
11
Suppose 283 = 8*c + 107. Suppose -3*j + 16 + 2 = 0. Calculate the remainder when c is divided by j.
4
Let v(m) = 4*m + 1. Let h be v(5). Let l = h + -2. Calculate the remainder when 54 is divided by l.
16
Let q(c) = -2*c**2 - c + 11. Calculate the remainder when 1/4 + (-342)/(-8) is divided by q(0).
10
Suppose 3*w = 4*f + 33, 30 = 5*w - 4*w + 5*f. Calculate the remainder when 72 is divided by w.
12
Suppose 184 = 4*r - 5*f, 2*r + 5*f - 4*f - 92 = 0. Let o be 5/2 + (-1)/2. Calculate the remainder when r is divided by (-15 - -3)*o*-1.
22
Suppose 124 = -3*g + 7*g. What is the remainder when 58 is divided by g?
27
Let j = -5 + 8. Suppose 0 = 2*b + j*b + 10, -2*b = 2*r. Let q = 4 - 3. Calculate the remainder when r is divided by q.
0
Suppose 0 = -2*l - 2*b + 40, 0 = 2*l + b - 16 - 22. What is the remainder when l is divided by 10?
8
Let h(r) = -4*r - 8. Calculate the remainder when 177 is divided by h(-11).
33
Let w = 79 - 65. Calculate the remainder when 97 is divided by w.
13
Let z(n) = -n**2 - 2*n. Let x be z(0). Suppose 12 = 3*t, -2*q + 2*t + 82 - 22 = x. Suppose -2 - 25 = -3*o. Calculate the remainder when q is divided by o.
7
Let b = 54 + -48. What is the remainder when 14 is divided by b?
2
Let y = 9 + -5. Let f = 4 - 1. Suppose -y*w = f - 19. What is the remainder when w is divided by 3?
1
Suppose 9 = 3*d - 0. Suppose -d*l = -0*l - 12, -3*l + 4 = -4*q. Suppose -q*v + 7*v = 60. Calculate the remainder when 22 is divided by v.
10
Calculate the remainder when 1972/51 - (-2)/(-3) is divided by 11.
5
Let o(b) = b**3 + 4*b**2 + 3*b + 6. What is the remainder when 31 is divided by o(-2)?
7
Let a(j) = 45*j + 2. Calculate the remainder when a(1) is divided by 26.
21
Let a = -25 - -44. What is the remainder when a is divided by 10?
9
Let k(w) = -2*w + 4. Let r be (-9)/(-4)*4/(-1). Calculate the remainder when k(r) is divided by (-26)/(-2) - (-2)/(-2).
10
Let m(c) be the second derivative of c**4/12 + 2*c**3/3 - 5*c**2/2 - 4*c. What is the remainder when 18 is divided by m(-6)?
4
Let j(u) = u**2 - 3*u + 4. Let p be j(5). What is the remainder when (p/(-21))/(4/(-174)) is divided by 15?
14
Suppose 0 = d + d - 4. Suppose -15 = f + 2*k, -63 = 3*f + d*f + 4*k. Let o = 25 + f. What is the remainder when 41 is divided by o?
13
Let d = 11 + -4. Let i = 1 - 1. Let w = 3 + i. Calculate the remainder when d is divided by w.
1
Suppose -15 = -5*r, 2*j - 6*j + 2*r = -2. Suppose -8 = j*t - 32. Calculate the remainder when 45 is divided by t.
9
Let x be 2*(-1 - -5) + 0. Suppose -x - 20 = 4*m. Let g = m + 21. Calculate the remainder when g is divided by 5.
4
Suppose -2*d - 2*d + 3*x = -31, -2*x = 2*d - 12. What is the remainder when 13 is divided by d?
6
Suppose -5*y = -t + 23, 2*t + 6 = 4*y - 7*y. Let d = 5 + t. Calculate the remainder when 45 is divided by d.
5
Suppose -2*v = -8 - 0. Suppose -2*q + 8 = v*h, -5*h + 0*h - 5 = -5*q. What is the remainder when 4 is divided by h?
0
Suppose 4*x - o + 28 = 4*o, 0 = -4*x - 2*o - 56. Calculate the remainder when 27 is divided by (1 - (-27)/x)*-12.
12
Suppose -2*o = o + z - 292, 392 = 4*o + 4*z. What is the remainder when o is divided by 25?
22
Let h = -73 + 95. Let f = -137 - -223. Calculate the remainder when f is divided by h.
20
Let c(s) = 9*s - 19. What is the remainder when c(7) is divided by 24?
20
Suppose -5*j + 0*j - 9 = -4*s, s = -j. Let p = 51 - j. Calculate the remainder when p is divided by 18.
16
Suppose 3*s - 55 = -2*m + 36, 0 = -2*m - 2. Calculate the remainder when s is divided by 11.
9
Calculate the remainder when 2/4 + (-242)/(-4) is divided by 32.
29
Let l = -1 + 2. Let o = 14 + -11. Suppose 0 = o*j - 7 + 4. Calculate the remainder when j is divided by l.
0
Let j(f) = f**2 - f - 128. Let h be j(0). Let p = h - -186. Let q = 2 - -18. What is the remainder when p is divided by q?
18
Let s be (-14)/(-49) + (-194)/(-7). Let j = s - 20. What is the remainder when j is divided by 5?
3
Let d(s) = -s**3 + 7*s**2 - 3*s + 2. What is the remainder when d(3) is divided by 8?
5
Let z(d) = -d**3 + 5*d**2 + 8*d - 6. Let v be z(6). Suppose v + 0 = 3*y. Suppose y = -b + 4. What is the remainder when 5 is divided by b?
1
Suppose 2*a + 64 = 414. What is the remainder when a is divided by 44?
43
Let r = -1 - 8. Let i = -7 + 2. Let s = i - r. Calculate the remainder when 6 is divided by s.
2
Suppose 0 = -4*o + 3*t + 14, -2*t + 2 = 2*o - t. Suppose o*n - 128 = -2*n. Calculate the remainder when n is divided by 11.
10
Let h(o) = 16*o**3 + o**2 - o + 1. Let f be (-15)/(-21) - 2/(-7). Suppose -4*a - 24 = -8*a. Calculate the remainder when h(f) is divided by a.
5
Suppose -7*g = -6*g - 12. What is the remainder when g is divided by 7?
5
Suppose 90 = 3*q + 4*y + 2, -2*q = -4*y - 72. What is the remainder when 123 is divided by q?
27
Let n be -3 + (-1 - 2*-4). What is the remainder when 50 is divided by 2*((-78)/n)/(-3)?
11
Suppose 0 = 2*h - h - 86. Let x = -52 + h. Calculate the remainder when x is divided by 9.
7
Let h(v) be the second derivative of v**4/12 - v**3/3 + 17*v**2/2 + 5*v. Calculate the remainder when h(0) is divided by 9.
8
Suppose 31 = -6*l - 29. Let v = l + 27. What is the remainder when 47 is divided by v?
13
Let f = -38 + 60. What is the remainder when (2/(-3))/((-22)/2805) is divided by f?
19
Let a(f) = -f**3 + 5*f**2 + 7*f - 2. What is the remainder when 15 is divided by a(6)?
3
Suppose 5*m - 9 = 2*x + 11, -x = 0. Suppose 0 = -m*b + 46 + 30. What is the remainder when b is divided by 5?
4
Let v(h) = 27*h**2 - 4*h + 4. Let d be v(3). Suppose -6*p + p + d = 0. What is the remainder when p is divided by 24?
23
Let c(s) = 8*s**2 + s - 1. Let q be c(2). Let t = -21 + q. What is the remainder when t is divided by 7?
5
Calculate the remainder when 18 is divided by (-6)/15 - 27/(-5).
3
Let q(k) = 19*k - 17. Calculate the remainder when (-75)/(-12) + (-2)/8 is divided by q(1).
0
Suppose 5*q - 5 - 10 = 5*l, 0 = 4*q - l - 24. Suppose n - q + 0 = 0. What is the remainder when n is divided by 8/3*(-6)/(-4)?
3
What is the remainder when 345 is divided by (29/3)/(120/(-18) + 7)?
26
Suppose 0*t - 63 = -3*t. Suppose 1 + 1 = 3*r + 4*q, r - 3*q = -t. What is the remainder when r*(-2)/4 - -20 is divided by 13?
10
Let m(f) = -13*f - 2. Let p = -1 + -2. What is the remainder when m(p) is divided by 12*(5 + -4) - (1 - 2)?
11
Suppose 60 + 172 = 4*s. Let z(n) = 7*n + 7. Let p be z(6). Let c = p - 29. What is the remainder when s is divided by c?
18
Let o = 2 + -2. Suppose -r + 25 = 5*f, 0 = -o*r + 4*r - 3*f - 8. Let d(s) = -s**2 + 12*s + 7. Calculate the remainder when d(11) is divided by r.
3
Let n = -14 + 38. Suppose 0 = -3*o + 6 + n. Suppose s = -0*s + o. What is the remainder when 37 is divided by s?
7
Let a = -1 + 1. Let j be a/(-2*(1 + -2)). Suppose 4*c + f - 42 = j, 0 = -3*f - 4 - 2. What is the remainder when c is divided by 6?
5
Let j = -8 + 13. Let a = -1 + j. Suppose -a*n - 50 = -6*n. Calculate the remainder when n is divided by 9.
7
Let s = -291 - -167. Let y = -64 - s. Calculate the remainder when y is divided by 21.
18
Let d = 0 + 4. Let o(a) = a**2 + 4*a + 3. Calculate the remainder when d is divided by o(-4).
1
Suppose h = 5*o + 64, h = -4*h - o + 372. What is the remainder when h is divided by (-1)/(-1) - 8*-3?
24
Let q = 206 - -11. Let l = q + -142. Calculate the remainder when l is divided by 13.
10
Let g be (4/10)/(1/10). What is the remainder when 54 is divided by (66/(-9))/(g/(-6))?
10
Suppose -9*d + 7*d - 2 = 0, 0 = 3*t + 2*d - 94. What is the remainder when t is divided by 9?
5
Suppose 4 + 11 = 3*x. Let q be (-3)/(9/6) - -8. Let g = q - 3. Calculate the remainder when x is divided by g.
2
Let u be (-6)/((-3)/12*6). Let g be 6*6/(-16)*u. Let n = 16 + g. Calculate the remainder when 12 is divided by n.
5
Suppose 14*x - 94 = 158. What is the remainder when x is divided by 5?
3
Let g = -19 - -23. Calculate the remainder when g/22 - (-1030)/22 is divided by 10.
7
Let l(x) = -x**3 - 20*x**2 - 2*x + 49. What is the r